- (-8 + 12))) + -3.
-7
-13 - -33 - 9 - 2
9
What is the value of -9 + -2 + -1 + 35 - (1 - -5)?
17
-2 - -9 - (-3 + -5 + 6 - -10)
-1
What is the value of 0 - ((15 - (27 + -15)) + 15)?
-18
Evaluate 5 - (-53 - (21 - 49)).
30
-1112 - -1119 - (1 - 15)
21
What is 13 + -2 + (-4 - 5) + 9?
11
Calculate -1 + -18 + (-103 - -141).
19
Calculate 7 + (-2 - (6 + -4)) + 4 + -5.
2
15 - (-8 + 8 - (-8 + 1)) - -4
12
7 - (0 + 14 + -1 - 7)
1
Evaluate (16 + 7 - 20) + -24.
-21
Evaluate -4 + -5 + 8 + (5 - 3) - 5.
-4
-4 - (-60 + 32 - -59)
-35
Calculate 3 + -14 - (126 - 135).
-2
What is the value of 35 - ((-10 - (6 + -13 + 6)) + 18)?
26
What is the value of (-1 - (0 - -1)) + 243 + -247?
-6
Evaluate 24 + (10 - (22 + -5)) - (0 - -2).
15
(-2 - -1 - (7 + -16 - -4)) + -1
3
Evaluate -1 - (-1 + 11 - (0 + -2)).
-13
67 - 81 - (1 + 5)
-20
What is 23 - (1 + 12) - 22?
-12
1 - 22 - ((-36 - -29) + 3 + 4)
-21
Calculate -11 - (13 + -2 + -5 - 3).
-14
Calculate 28 + -14 + -21 + (1 - 3) + -3.
-12
(-6 - (-7 - 5)) + -7
-1
Calculate (-12 - (-3 - 9)) + -10 - -24.
14
What is (-3 - -8) + 14 + -13 - -10?
16
Evaluate -9 + 29 + (9 - 23) + 7.
13
Evaluate 310 + -335 - ((-3 - 2) + 1 + 1).
-22
Calculate 5 - (-47 + 32) - (-2 + 1).
21
What is the value of (-3 - (-16 + 4)) + -29 + 9?
-11
What is the value of (-4 + 14 + 2 - 5) + 23 + -23?
7
What is 24 + -14 + 1 + -5?
6
(-16 - -17) + 2 + -4 + 9 + -1
7
Calculate -5 + 1 - (-7 + (22 - 18)).
-1
What is the value of (12 - (13 - 4)) + 0 + 1?
4
What is (-12 - (-28 - -6)) + (0 - 1 - 5)?
4
What is (1275 - 1232) + 2 + (2 - (12 - 2))?
37
Evaluate -1 - (23 + -19 + 24).
-29
Evaluate 8 + (-23 + 26 + -2 + -2 - 0).
7
What is 0 + 1 + -5 + 0 + (-1 - -2)?
-3
Calculate 14 + (-6 - 16) - (-13 + 4 + -3).
4
Calculate (-6 - (11 - 21) - 25) + 7.
-14
-9 + 20 + -34 - -32
9
What is the value of -10 + 3 + 4 - -4?
1
What is -2 + 4 - ((39 - -3) + 14 + -23)?
-31
What is the value of -24 + (39 - 11) + -14?
-10
Calculate 19 + -12 - (0 - (-2 - -4)).
9
-20 - ((2 - -6) + -21)
-7
What is the value of -23 + 2 + (147 - 130)?
-4
What is the value of 62 + -55 - (4 + -1 + -1 - 3)?
8
Evaluate 41 + (-58 - 5) + (5 - 0).
-17
What is the value of -6 - (-18 + -2 - (-9 + (-8 - -13)))?
10
Evaluate 37 + -86 - -55 - (2 - (-1 + -7)).
-4
What is the value of -1 + -1 - (-227 + 223)?
2
Calculate (22 - -12 - 13) + -35.
-14
Calculate -2 + 7 + (7 - 12) + -4 + -5.
-9
What is 3 + 2 - (10 + (5 - 11 - 5))?
6
Evaluate 1 - 30 - ((-5 - -19) + -14).
-29
What is (23 + 4 - 9) + -14?
4
What is ((5 - 15) + 7 - -6) + -4?
-1
What is (9 + -2 - 7) + -1?
-1
Evaluate -25 - (-6 - -1 - ((2 - -16) + -17)).
-19
2 + 4 + -12 - (-16 - 0 - -6)
4
What is -3 + ((11 - (9 - 1)) + 3 - -8)?
11
0 + -9 - (18 - ((9 - -6) + -3))
-15
What is (-6 - (8 - (8 + 0))) + 14?
8
What is the value of (-3 - (-18 + 2)) + -5?
8
What is the value of 5 + -16 + 11 + -4?
-4
What is 11 + 12 + -6 + -26 - -4?
-5
(-18 - -20) + (-6 - -5)
1
Calculate 0 + 14 - (-2 + (12 - 5)) - 19.
-10
(9 - -3) + -12 + 4 - 13
-9
Calculate -81 + 110 - (6 + -2 + -2 + 7).
20
-20 + (15 - (5 + 4)) + -1 + -1
-16
Evaluate -22 + (-11 - (-35 - 13)).
15
Evaluate 25 - (14 + 47) - -9.
-27
-6 + 2 + -1 + 8 + 3
6
Calculate 8 - (2 + -1 - (-17 - -17)) - -2.
9
-11 + (0 - -4) - (16 - 23)
0
Evaluate (31 - (4 + 2 + (1 - 3))) + -9.
18
What is the value of 0 + (-6 - (5 + -9)) + -1 + 8?
5
0 + 5 + (-9 - 7 - -4) + -25
-32
Evaluate -4 + (-22 - 2 - -9) + 10.
-9
Evaluate (2 - 3) + -2 + (9 - 20).
-14
(-32 - (-2 + 1)) + (16 - 3)
-18
Evaluate 18 + -35 + (-30 - -27).
-20
Evaluate 3 - -1 - (-8 + 8 + (6 - 13)).
11
What is 0 - -2 - (-32 - (-16 + -5))?
13
What is the value of (3 - (-2 + 6)) + (-3 - 1 - -4)?
-1
What is -10 - (-10 + -6) - (1 - 6)?
11
Calculate -13 + (25 - 14) + (0 + 2 - 3).
-3
Calculate 6 + -1 + 6 + -38 + 9.
-18
What is (-29 - (4 + -8 + -6) - -6) + -1?
-14
What is the value of 82 - 76 - (10 - -1) - 7?
-12
Calculate -1 + 9 - (-12 - -1 - -15) - 6.
-2
Evaluate 1 + 0 + -1 + (-142 - -138).
-4
What is the value of 8 + 4 + -5 + (-18 - -7)?
-4
Calculate -1 + 17 - (-542 + 561).
-3
What is -34 + (43 + -3 - 22)?
-16
What is the value of (8 - 9) + -11 - (3 - 11)?
-4
(1 - -9 - 22) + (1 - -5 - 14)
-20
(-11 - -3) + -6 + (8 - 6)
-12
What is 3 - (5 + 18 + -23 + (0 - -3))?
0
Calculate 8 - (1 + 3 - (-112 + 117)).
9
What is the value of 2 + 18 + -35 + 7 - 8?
-16
What is 35 - (-4 - (0 - -2 - 0 - 16))?
25
What is the value of (1 + -3 - (-43 - -46)) + (0 - 7)?
-12
(0 - (1 - (-3 + 7))) + -8
-5
Evaluate -8 + (15 - 1 - (27 + (-2 - 20))).
1
27 + (-21 - (-27 + 36))
-3
What is the value of 6 + 8 + -10 + -4 - -10?
10
What is 55 + (14 - 22) - (5 - -11)?
31
Evaluate -8 - (-7 - (13 - 8)).
4
What is -8 + -1 + 10 + (38 - 53)?
-14
What is the value of 473 + -507 + (50 - 4)?
12
Evaluate (-12 - -30) + -8 + 5 - 7.
8
Evaluate -1 + (0 - (0 - -1)) - (43 + -45).
0
Calculate 176 + -169 - (-3 - -1).
9
Calculate -4 - -18 - ((22 - 25) + (1 - 3)).
19
1 + (-21 - (-1 + -35)) - (5 - 1)
12
-6 - (21 + -1 - (9 - (5 - 1)))
-21
-22 + (-14 - (16 + -45))
-7
Calculate -2 - 5 - (-13 - (3 + 5 + -19)).
-5
Calculate 3 - -1 - (9 - 19 - -9) - 5.
0
Calculate (3 - (2 - 1)) + (-59 + 41 - -21).
5
What is the value of 5 + -11 + 2 - (0 - -2)?
-6
Evaluate 6 + 16 + -16 - -4.
10
Evaluate (82 - 103) + -3 + 49 + 1 + 1.
27
What is the value of 9 - (4 - 4) - (-4 - (-5 - 2))?
6
Evaluate -32 - (-32 - -5) - 8.
-13
Evaluate 12 + 5 + -9 + -13 + -13.
-18
What is the value of 2 + -12 - (-17 - -1)?
6
What is the value of (-2 - -46) + -32 + (26 - -3) + -5?
36
What is the value of 1 - 1 - (-178 + 187) - -8 - 14?
-15
Calculate (-3 - (-1 + 0)) + -14 + 22 + -13.
-7
Evaluate 0 - -6 - (3 - 3).
6
3 + (-7 - (1 + 8 - (3 + 4)))
-6
Evaluate 13 - 7 - 19 - -27.
14
Evaluate 895 + -920 + (0 - -32).
7
Evaluate ((6 - 15) + 14 - 3) + (-3 - 5).
-6
What is 12 - (4 - (4 - -4 - 2 - 10))?
4
Calculate -4 - -12 - (9 - 9).
8
Calculate 6 - 0 - (10 + (2 - 0 - 7)).
1
What is 22 - (22 - -11 - 9)?
-2
What is the value of 1 + 2 - -6 - (6 - (32 - 18))?
17
What is -15 - ((-12 - -6) + 8 + -4 + 0)?
-13
Evaluate -7 + 32 + -13 - 16.
-4
What is the value of (-16 - (16 + -30)) + 0 + -2 - -20?
16
What is the value of -8 + (-1 - 13) + (8 + 3 - 3)?
-14
7 - (19 + (1 - 10)) - (0 + -11)
8
Evaluate 22 + -5 + (7 - 12 - (-4 - 2)).
18
Calculate 18 - (2 - -10 - -17).
-11
What is the value of -15 + (-36 - -20) - -16?
-15
What is 12 - (3 - (-11 + 4))?
2
Evaluate 4 + 4 - ((2 - 9) + 2).
13
What is 29 - 11 - 9 - (6 + -12)?
15
Calculate 22 + (5 - 6 - -18) + -6.
33
What is 0 - -11 - (25 + -51 + 21)?
16
What is the value of -357 - -374 - (23 - 2)?
-4
What is 11 - (13 + -5) - 7?
-4
-2 - -1 - -2 - (-32 + -15 + 48)
0
What is the value of (0 - -1) + 10 - (-5 - (-4 + 0))?
12
Evaluate 14 - 4 - (18 + -7 + -3 + -14).
16
486 + -475 - (-8 - 2)
21
Evaluate -1432 - -1418 - (-45 - 1).
32
What is (-14 - (16 - 18)) + 22?
10
7 + 4 + -2 + (5 - -1) + -7
8
What is the value of (5 - (-4 + -1 - (-2 + -5))) + -18?
-15
-8 + 17 + -5 + 1 + 15
20
What is the value of 22 + -3 - (633 + -603)?
-11
What is the value of (-2 - (-8 + 8)) + 11 - 12?
-3
Evaluate 7 - (-8 - (0 - 12) - 18).
21
-7 + (-2 - -7) + (-6 - (-13 - -14))
-9
What is the value of (7 + 7 - 22) + -1?
-9
What is 6 + -7 - (-51 + 71)?
-21
Evaluate (-4 - -1) + 46 + -15 + -2.
26
What is 5 + (39 - 39) + 19 + -4?
20
(-13 - -47) + (-10 - 38)
-14
Evaluate (-4 - -3) + (4 - (-3 - (5 - 12))).
-1
What is the value of -2 + -66 - (104 - 138)?
-34
Evaluate 0 - (1 + -5 + (-4 - 3)).
11
What is 15 + -11 + -4 + 8?
8
What is -8 + (-17 + 4 - -18)?
-3
What is the value of 16 - 20 - (7 - 4 - 4)?
-3
What is the value of (5 - (13 + -13)) + 14?
19
Evaluate 0 + 1 + -11 + (7 - (-5 - 2)).
4
Calculate -5 - (13 - (-6 + 7 + 7)).
-10
Calculate 16 + (3 - 9 - -3) + 2 - -8.
23
Calculate (20 - 10) + -18 + 7.
-1
What is the value of 0 - 4 - (3 + -1 + -6) - 4?
-4
Calculate (10 - (3 - 7)) + 2.
16
What is the value of (-249 - -271) + 1 + -11?
12
8 + (3 + -3 + -4 - 1)
3
Evaluate -126 + 95 - (-2 - 29).
0
Calculate -353 - -357 - (-15 - 2 - 1).
22
Evaluate -1 - (0 - (3 - ((-3 - -10) + 4))).
-9
What is -9 + 7 - 1 - (6 + 6 - -6)?
-21
-1 + -12 + ((-3 - -1) + 6 - 10)
-19
What is the value of (1 + -2 - -3) + (-9 - -10)?
3
(10 + -7 - 3) + 7 + 1 + -2
6
What is the value of -12 - (-2 + -17) - 13?
-6
Evaluate 24 - 13 - (125 - 124).
10
What is the value of (-28 - -13 - -10) + 